 - 105. Calculate the remainder when 663 is divided by m.
15
Let l(o) = -o**2 + 15*o + 23. Let h be l(16). Let a = -8 + 12. Calculate the remainder when a is divided by 4*-2*h/(-28).
0
Suppose 4*z - 312 = -2*d - 2*d, -z + 3*d + 70 = 0. What is the remainder when z is divided by ((-11)/33)/((-2)/234)?
37
Let d = -415 - -470. Calculate the remainder when d is divided by 28.
27
Let s(o) = 7*o**2 - 1. Let c be s(-1). Let d be (-2 - (-9)/c)*-4. Suppose d = 4*r - 50. Calculate the remainder when r is divided by 4.
1
Let v = 1144 + -1137. What is the remainder when 12 is divided by v?
5
Let c(n) = -8 - 6*n**3 + 8*n**3 + 8*n**2 - 12*n - n**3. Let j = -20 + 11. Calculate the remainder when 94 is divided by c(j).
18
Let d(q) = -q**2 + 7*q - 1. Suppose 0 = -3*o + 9, -4*z + 4*o = -0*o - 4. Calculate the remainder when 30 is divided by d(z).
8
Suppose 11*r - 33 - 33 = 0. Calculate the remainder when 27 is divided by r.
3
Let i = -114 - -270. Let m = i + -106. Calculate the remainder when 98 is divided by m.
48
Suppose 5*y - 100 = 610. Let n(p) = 56*p + 2813. What is the remainder when y is divided by n(-50)?
12
Let x = -561 - -572. Suppose -3*f - 22 = -3*v - 94, 2*v + 3*f = -43. Calculate the remainder when -1 - (v + (-1 - -2)) is divided by x.
10
Let w(a) = a**3 + 8*a**2 + 4*a - 8. Let v be -4 - 1 - (-1 - (1 + -1)). Calculate the remainder when w(-6) is divided by -3 + (18/36 - 94/v).
19
Suppose 0 = -5*k + j - 1, j + 4*j - 5 = 0. Suppose 16*a - 2352 = -k*a. Calculate the remainder when a is divided by 15.
12
Let a = -180 + 246. What is the remainder when a is divided by 12?
6
Let z(o) = o**2 + 5*o - 2. Let h be z(-7). Let p = h + -10. Suppose p*b = 4*b - 20. What is the remainder when 39 is divided by b?
9
Let q = 1861 - 1853. Suppose -s = -5*s + 80. Calculate the remainder when s is divided by q.
4
Let x be (-2)/11 + (-5831)/(-187). Suppose -o + 18 = 2*j - 25, -x = -2*j + 3*o. What is the remainder when 139 is divided by j?
19
Let q(k) = 10*k + 444. What is the remainder when q(-21) is divided by 32?
10
Let c(o) = -o - 22. Let n be c(-13). Calculate the remainder when 56/6 - ((-21)/n + -2) is divided by 3.
0
Suppose 0 = 3*a - 335 + 50. What is the remainder when a is divided by 14?
11
Let h be 4 - 762/(-8) - 2/8. Suppose d - h = -2*d. What is the remainder when d is divided by 6?
3
What is the remainder when -3*(194/(-5))/(21/35) is divided by 28?
26
Suppose 64 + 284 = 6*t. What is the remainder when 247 is divided by t?
15
Let n(t) = t + 2. Let d(h) = 16*h + 9. Let m(k) = d(k) - 5*n(k). What is the remainder when m(1) is divided by 5?
0
Suppose -c + 10 - 4 = 5*n, -5*c = 4*n + 12. Calculate the remainder when 12 is divided by n.
0
Let d(r) = -4*r**3 - 7*r**2 - 14*r - 6. Calculate the remainder when d(-3) is divided by (-32)/(2*-1) - -1.
13
Let g(z) = -z**2 + 12*z + 8. Let m be g(9). Let o be 3/(-18)*2*-9. Suppose m - 98 = -o*h. What is the remainder when 62 is divided by h?
20
Let u be (-160)/96*((-1 - 0) + -2). Suppose 0 = 8*w - u*w - 39. Calculate the remainder when 2/7 + 528/14 is divided by w.
12
Let i(r) = -2*r + 126. What is the remainder when 335 is divided by i(53)?
15
Suppose 5*m - 14 = 2*w, 2*m = 2*w + 8 - 6. Suppose m*i - 42 = -2. What is the remainder when 27 is divided by i?
7
Let u(p) = 4*p - 6. Let w(h) = -h**2 - 9*h + 14. Let a be w(-10). Calculate the remainder when u(a) is divided by 1 - (-2 + 1 - 4).
4
Suppose 3*m = 91 + 215. Let y(z) = -4*z - 29. What is the remainder when m is divided by y(-11)?
12
Suppose 29*c - 3 = 26*c. Suppose -6*w + c = -89. Suppose 3*h = 5*h - 116. What is the remainder when h is divided by w?
13
Let p(a) = -a + 5*a - 2*a - 23 + 2*a. What is the remainder when 115 is divided by p(9)?
11
Let u(q) = 6*q - 2. Let w = -16 - -17. Calculate the remainder when 9 is divided by u(w).
1
Suppose -2*m = -10*m + 112. Calculate the remainder when 38 is divided by m.
10
Let t = 207 + -124. What is the remainder when t is divided by 17?
15
Let k(i) = -i**3 - 13*i**2 - 4*i + 7. Let x be k(-13). Suppose x - 18 = 3*j + 4*d, 0 = 2*j - 4*d + 6. Calculate the remainder when j is divided by 4.
3
What is the remainder when 27 is divided by -3 - (0 + 1 + -12)?
3
Suppose -2*w = -3*w - 27. Suppose 128 + 28 = 4*l. Let r = w + l. Calculate the remainder when 46 is divided by r.
10
Suppose 116 + 124 = 40*n. Calculate the remainder when 141 is divided by n.
3
Let f be 2/5*(2 + 8). Suppose 0 = 6*b - f*b + 20. Let j(o) = -o**3 - 10*o**2 - 4*o - 11. Calculate the remainder when j(b) is divided by 10.
9
Let o = -86 - -82. Calculate the remainder when 40*2/o*-2 is divided by 11.
7
Let p be (44/10 - (13 + -9))*5. Suppose -p*i = -3*i + 57. What is the remainder when i is divided by 6?
3
Let f(v) be the second derivative of 13*v**4/4 + 3*v**3/2 + 2*v**2 - 33*v. What is the remainder when f(-2) is divided by 37?
31
Let r(f) = -f + 43. Calculate the remainder when r(4) is divided by 14.
11
Let s = -234 + 619. Suppose 11*c + s = 16*c. Calculate the remainder when c is divided by 10/(-1 + (-3)/(-2)).
17
Let g be 7/2 + (-18)/12. Let i(f) = f**3 + 2*f - 3. Let o be i(g). Let x = o - -27. Calculate the remainder when x is divided by 13.
10
Let d(p) = p + 7. Calculate the remainder when (-11 + 14)*58/6 is divided by d(11).
11
Suppose -61*u + 265 = -772. Calculate the remainder when 78 is divided by u.
10
Let a(j) = -j**3 - 5*j**2 + j + 8. Let l be a(-5). Suppose -3*f - m = -122, -5*f + 2*f = 5*m - 106. Calculate the remainder when f is divided by -3*(-2 - 9/l).
12
Let p(i) = 2*i**2 + 2*i + 11. What is the remainder when 117 is divided by p(0)?
7
Suppose 0 = -l + 6*l - 5. Suppose -h + 0 = -4. Let b = h - l. What is the remainder when 12 is divided by b?
0
Let i(z) be the second derivative of -z**4/12 + 19*z**3/6 - 6*z**2 + 35*z. What is the remainder when i(10) is divided by 16?
14
Suppose -13 = 4*s - g, 6 + 8 = -2*s - 2*g. Suppose -10*u + 11*u = 8. Calculate the remainder when 1/s + 89/4 is divided by u.
6
Suppose -23*h + 20*h + 66 = 0. Let v(u) = 3*u**2 - 2*u + 1. Calculate the remainder when v(5) is divided by 2 + 5/(-5) + h.
20
Suppose 2*w + 4*z = 12, -3*w + z + 50 = -z. Suppose -4*r = -v - 49, 5*v - w = 1. Calculate the remainder when 22 is divided by r.
9
Let g = 1576 - 1574. Let t be 1*(1 + 0 + -1). Suppose -132 = -t*h - g*h. What is the remainder when h is divided by 17?
15
Suppose 5*b = 2*z - 8 - 18, -5*b = 3*z - 39. Let d = z + 12. Calculate the remainder when 72 is divided by d.
22
Let r(s) = -s**2 + 8*s - 5. Let m be r(7). Let t be m/(-6) + (-50)/3. Let i = t - -26. What is the remainder when 17 is divided by i?
8
Let x = -12 + 12. Suppose -5*l + w + 212 = 0, -2*l + w + 83 = -x*w. Calculate the remainder when l is divided by 9.
7
Let j(w) = 11*w + 2. Let s be (-1 - (-15)/6)*2. Suppose s*g = 3 - 0. Calculate the remainder when j(g) is divided by 5.
3
Suppose -4*v - v + 103 = 2*p, -99 = -5*v - p. Let w(c) = -10*c - 65. Calculate the remainder when w(-27) is divided by v.
15
Suppose 51 = g + 3*g - h, g + 5*h - 18 = 0. Let q(s) = -s**2 + 23*s + 39. What is the remainder when q(22) is divided by g?
9
Let f be (-2)/(-8) - 79/(-4). Let i = 10 - f. Calculate the remainder when 634/10 - (-4)/i is divided by 16.
15
Let k = 639 - 276. Calculate the remainder when k is divided by 61.
58
What is the remainder when 321 is divided by ((-2482)/511)/((-4)/14)?
15
Let q = -21 + 90. Suppose -2*o = -4*o - 4*g + 158, 0 = o + 4*g - q. What is the remainder when o is divided by 9?
8
Let r = -5 + 10. Calculate the remainder when 17 is divided by (r/15)/((-4)/(-72)).
5
Suppose s + 9 = 33. Let i(j) = j**3 - j**2 - 5*j + 6. Let u be i(2). Suppose 4*o - 210 - 162 = u. Calculate the remainder when o is divided by s.
21
Let q(h) = -5*h**3 + h + 1. Let k be q(-1). Suppose -4*z = z - k*y + 815, -2 = -y. Let b = -103 - z. Calculate the remainder when b is divided by 15.
13
Let b = 6 + -4. Let f = -154 + 129. Calculate the remainder when (-2)/(-5) + (990/f)/(-6) is divided by b.
1
Suppose 21*l - 13*l - 192 = 0. Calculate the remainder when l is divided by 18.
6
Let r(z) = -4*z**3 - 8*z**2 + 2*z + 5. Calculate the remainder when r(-4) is divided by 10.
5
Let n = -37 - -56. Suppose 0 = 3*s - o - 221, -s + o + 2*o + 71 = 0. Calculate the remainder when s is divided by n.
17
Sup